{"id":31,"date":"2014-12-08T15:29:28","date_gmt":"2014-12-08T13:29:28","guid":{"rendered":"http:\/\/hierontamylly.net\/?page_id=31"},"modified":"2025-05-08T13:07:03","modified_gmt":"2025-05-08T10:07:03","slug":"ajanvaraus","status":"publish","type":"page","link":"https:\/\/hierontamylly.net\/?page_id=31","title":{"rendered":"Yhteystiedot"},"content":{"rendered":"<p><a href=\"https:\/\/hierontamylly.net\/wp-content\/uploads\/2014\/12\/Image6.jpg\"><img loading=\"lazy\" decoding=\"async\" class=\"alignnone size-medium wp-image-9\" src=\"https:\/\/hierontamylly.net\/wp-content\/uploads\/2014\/12\/Image6-300x199.jpg\" alt=\"Cell phone and laptop computer\" width=\"300\" height=\"199\" srcset=\"https:\/\/hierontamylly.net\/wp-content\/uploads\/2014\/12\/Image6-300x199.jpg 300w, https:\/\/hierontamylly.net\/wp-content\/uploads\/2014\/12\/Image6.jpg 425w\" sizes=\"auto, (max-width: 300px) 100vw, 300px\" \/><\/a><\/p>\n<h5>Vastaamme puhelimeen aamusta iltaan, aina kun olemme vapaana. Hoitoja tehdess\u00e4mme emme vastaa puhelimeen. Jos emme vastaa puheluusi, ole hyv\u00e4 ja soita uudelleen tai soitamme sinulle takaisin heti hieronnan p\u00e4\u00e4ttyess\u00e4. Voit my\u00f6s laittaa kysely\u00e4 vapaista ajoista s\u00e4hk\u00f6postin kautta tai varata ajan suoraan nettikalenteristamme https:\/\/vello.fi\/hierontamylly\/<\/h5>\n<h5>Sami: 0456505796<\/h5>\n<p>Heidi: 0443144510<\/p>\n<h4>ajanvaraus@hierontamylly.net<\/h4>\n<h4><\/h4>\n<h4><\/h4>\n","protected":false},"excerpt":{"rendered":"<p>Vastaamme puhelimeen aamusta iltaan, aina kun olemme vapaana. Hoitoja tehdess\u00e4mme emme vastaa puhelimeen. Jos emme vastaa puheluusi, ole hyv\u00e4 ja soita uudelleen tai soitamme sinulle takaisin heti hieronnan p\u00e4\u00e4ttyess\u00e4. Voit my\u00f6s laittaa kysely\u00e4 vapaista ajoista s\u00e4hk\u00f6postin kautta tai varata ajan suoraan nettikalenteristamme https:\/\/vello.fi\/hierontamylly\/ Sami: 0456505796 Heidi: 0443144510 ajanvaraus@hierontamylly.net<\/p>\n","protected":false},"author":2,"featured_media":0,"parent":0,"menu_order":0,"comment_status":"closed","ping_status":"closed","template":"","meta":{"footnotes":""},"class_list":["post-31","page","type-page","status-publish","hentry"],"_links":{"self":[{"href":"https:\/\/hierontamylly.net\/index.php?rest_route=\/wp\/v2\/pages\/31","targetHints":{"allow":["GET"]}}],"collection":[{"href":"https:\/\/hierontamylly.net\/index.php?rest_route=\/wp\/v2\/pages"}],"about":[{"href":"https:\/\/hierontamylly.net\/index.php?rest_route=\/wp\/v2\/types\/page"}],"author":[{"embeddable":true,"href":"https:\/\/hierontamylly.net\/index.php?rest_route=\/wp\/v2\/users\/2"}],"replies":[{"embeddable":true,"href":"https:\/\/hierontamylly.net\/index.php?rest_route=%2Fwp%2Fv2%2Fcomments&post=31"}],"version-history":[{"count":23,"href":"https:\/\/hierontamylly.net\/index.php?rest_route=\/wp\/v2\/pages\/31\/revisions"}],"predecessor-version":[{"id":522,"href":"https:\/\/hierontamylly.net\/index.php?rest_route=\/wp\/v2\/pages\/31\/revisions\/522"}],"wp:attachment":[{"href":"https:\/\/hierontamylly.net\/index.php?rest_route=%2Fwp%2Fv2%2Fmedia&parent=31"}],"curies":[{"name":"wp","href":"https:\/\/api.w.org\/{rel}","templated":true}]}}