{"id":2,"date":"2014-12-07T20:50:45","date_gmt":"2014-12-07T20:50:45","guid":{"rendered":"http:\/\/hierontamylly.net\/?page_id=2"},"modified":"2023-10-18T10:52:56","modified_gmt":"2023-10-18T07:52:56","slug":"esimerkkisivu","status":"publish","type":"page","link":"https:\/\/hierontamylly.net\/?page_id=2","title":{"rendered":"Toimitilamme"},"content":{"rendered":"<h3 style=\"text-align: left;\"><a href=\"https:\/\/hierontamylly.net\/wp-content\/uploads\/2014\/12\/liikuntamylly.jpg\"><img loading=\"lazy\" decoding=\"async\" class=\"alignnone size-medium wp-image-176\" src=\"https:\/\/hierontamylly.net\/wp-content\/uploads\/2014\/12\/liikuntamylly-300x202.jpg\" alt=\"liikuntamylly\" width=\"300\" height=\"202\" srcset=\"https:\/\/hierontamylly.net\/wp-content\/uploads\/2014\/12\/liikuntamylly-300x202.jpg 300w, https:\/\/hierontamylly.net\/wp-content\/uploads\/2014\/12\/liikuntamylly-1x1.jpg 1w, https:\/\/hierontamylly.net\/wp-content\/uploads\/2014\/12\/liikuntamylly.jpg 900w\" sizes=\"auto, (max-width: 300px) 100vw, 300px\" \/><\/a><\/h3>\n<h5>Toimitilamme sijaitsee Liikuntamyllyss\u00e4, Helsingin Myllypurossa osoitteessa Jauhokuja 3.<\/h5>\n<h5>Meille on helppo tulla k\u00e4vellen, bussilla tai metrolla. Sijaitsemme LiikuntaMyllyn ensimm\u00e4isess\u00e4 kerroksessa, parkkipaikan puoleisesta ovesta sis\u00e4\u00e4nk\u00e4ynti tai p\u00e4\u00e4ovelta portaat alas ensimm\u00e4iseen kerrokseen.<\/h5>\n<p>Liikuntamyllyn parkkipaikka on maksullinen 24\/7, maksu k\u00e4teisell\u00e4 tai kortilla. 1h=1\u20ac.<\/p>\n<h2><\/h2>\n<p><a href=\"https:\/\/hierontamylly.net\/wp-content\/uploads\/2014\/12\/10325740_801357703215385_2498733994686596633_n.jpg\"><img loading=\"lazy\" decoding=\"async\" class=\"alignnone size-medium wp-image-160\" src=\"https:\/\/hierontamylly.net\/wp-content\/uploads\/2014\/12\/10325740_801357703215385_2498733994686596633_n-248x300.jpg\" alt=\"10325740_801357703215385_2498733994686596633_n\" width=\"248\" height=\"300\" srcset=\"https:\/\/hierontamylly.net\/wp-content\/uploads\/2014\/12\/10325740_801357703215385_2498733994686596633_n-248x300.jpg 248w, https:\/\/hierontamylly.net\/wp-content\/uploads\/2014\/12\/10325740_801357703215385_2498733994686596633_n-1x1.jpg 1w, https:\/\/hierontamylly.net\/wp-content\/uploads\/2014\/12\/10325740_801357703215385_2498733994686596633_n.jpg 796w\" sizes=\"auto, (max-width: 248px) 100vw, 248px\" \/> <\/a><a href=\"https:\/\/hierontamylly.net\/wp-content\/uploads\/2014\/12\/10300279_801357619882060_27292571810779087_n.jpg\"><img loading=\"lazy\" decoding=\"async\" class=\"alignnone size-medium wp-image-143\" src=\"https:\/\/hierontamylly.net\/wp-content\/uploads\/2014\/12\/10300279_801357619882060_27292571810779087_n-242x300.jpg\" alt=\"10300279_801357619882060_27292571810779087_n\" width=\"242\" height=\"300\" srcset=\"https:\/\/hierontamylly.net\/wp-content\/uploads\/2014\/12\/10300279_801357619882060_27292571810779087_n-242x300.jpg 242w, https:\/\/hierontamylly.net\/wp-content\/uploads\/2014\/12\/10300279_801357619882060_27292571810779087_n-1x1.jpg 1w, https:\/\/hierontamylly.net\/wp-content\/uploads\/2014\/12\/10300279_801357619882060_27292571810779087_n.jpg 775w\" sizes=\"auto, (max-width: 242px) 100vw, 242px\" \/><\/a><\/p>\n<h3>\u00a0It\u00e4-helsinki,Myllypuro<\/h3>\n","protected":false},"excerpt":{"rendered":"<p>Toimitilamme sijaitsee Liikuntamyllyss\u00e4, Helsingin Myllypurossa osoitteessa Jauhokuja 3. Meille on helppo tulla k\u00e4vellen, bussilla tai metrolla. Sijaitsemme LiikuntaMyllyn ensimm\u00e4isess\u00e4 kerroksessa, parkkipaikan puoleisesta ovesta sis\u00e4\u00e4nk\u00e4ynti tai p\u00e4\u00e4ovelta portaat alas ensimm\u00e4iseen kerrokseen. Liikuntamyllyn parkkipaikka on maksullinen 24\/7, maksu k\u00e4teisell\u00e4 tai kortilla. 1h=1\u20ac. \u00a0It\u00e4-helsinki,Myllypuro<\/p>\n","protected":false},"author":1,"featured_media":0,"parent":0,"menu_order":0,"comment_status":"open","ping_status":"open","template":"","meta":{"footnotes":""},"class_list":["post-2","page","type-page","status-publish","hentry"],"_links":{"self":[{"href":"https:\/\/hierontamylly.net\/index.php?rest_route=\/wp\/v2\/pages\/2","targetHints":{"allow":["GET"]}}],"collection":[{"href":"https:\/\/hierontamylly.net\/index.php?rest_route=\/wp\/v2\/pages"}],"about":[{"href":"https:\/\/hierontamylly.net\/index.php?rest_route=\/wp\/v2\/types\/page"}],"author":[{"embeddable":true,"href":"https:\/\/hierontamylly.net\/index.php?rest_route=\/wp\/v2\/users\/1"}],"replies":[{"embeddable":true,"href":"https:\/\/hierontamylly.net\/index.php?rest_route=%2Fwp%2Fv2%2Fcomments&post=2"}],"version-history":[{"count":19,"href":"https:\/\/hierontamylly.net\/index.php?rest_route=\/wp\/v2\/pages\/2\/revisions"}],"predecessor-version":[{"id":508,"href":"https:\/\/hierontamylly.net\/index.php?rest_route=\/wp\/v2\/pages\/2\/revisions\/508"}],"wp:attachment":[{"href":"https:\/\/hierontamylly.net\/index.php?rest_route=%2Fwp%2Fv2%2Fmedia&parent=2"}],"curies":[{"name":"wp","href":"https:\/\/api.w.org\/{rel}","templated":true}]}}